common divisor of p and k.
10
Let s be 4/2*2*(-6)/(-8). Suppose -8*r + 525 = -s*r. What is the greatest common factor of 15 and r?
15
Let y = -85 - -112. Suppose -3*o = -4*q + o + 876, 4*q = -3*o + 855. What is the highest common factor of y and q?
27
Suppose 6*a + 74 = 4*a + 2*d, -104 = 2*a + 4*d. Let r = a + 54. Calculate the greatest common divisor of r and 36.
12
Let j = -488 + 528. Suppose -2*y = 3*y - 400. What is the greatest common factor of j and y?
40
Let x be (-36)/(-3 + 0)*1. Let b = 28 - x. Let k = b - 10. What is the greatest common divisor of 18 and k?
6
Suppose -49 = h - 2*h. Suppose 0 = -16*f + h + 31. What is the highest common factor of f and 25?
5
Let i(p) = 19*p**3 - p**2. Let n be i(1). Let d(y) = -y**3 - 5*y**2 + 18*y + 64. Let t be d(-7). What is the highest common divisor of n and t?
18
Suppose -3*o - 163 = 4*c, 172 = -3*o + 4*c + 17. Let j = 80 + o. Let z be 4/(-6) - (-261)/j. What is the highest common factor of z and 9?
9
Let z(g) = -g**2 - 5*g + 12. Let f be z(-8). Let k = f + 22. What is the highest common divisor of 80 and k?
10
Let y = 231 + 69. Calculate the highest common factor of y and 24.
12
Suppose 0 = 4*m + 2*q - 70, 3*m + 5*q - 55 = -m. Suppose 6*n - 2*n - m = 0. What is the greatest common factor of n and 35?
5
Suppose 0*x = -5*x + 30. Suppose -3*t - 2*t = -5*w + 135, -2*t = -x. Calculate the greatest common divisor of w and 12.
6
Let d(i) = -i**2 - 14*i + 16. Let w be d(-14). Let r(h) = -3*h**2 + 18*h + 2. Let u be r(6). Calculate the highest common divisor of w and u.
2
Suppose m = l + 30, -2*m + 6*m + 3*l = 134. Calculate the highest common divisor of m and 960.
32
Let t be (-1)/((-3)/105*1). Let y be (-15)/t - 9/(-21). Suppose -z - z + 90 = y. What is the greatest common factor of 5 and z?
5
Let u(k) = -2*k**3 - k**2 + 5*k - 2. Let s be u(-3). Suppose 3*o - 16 = w, -2*w = -0*w - 10. What is the greatest common divisor of s and o?
7
Suppose -161*l + 165*l = 1700. Calculate the highest common divisor of l and 51.
17
Let a be (-4 - -3 - 1) + 65/1. Calculate the highest common divisor of 273 and a.
21
Suppose -2*f - 2*s + 48 = 0, 8*f = 3*f - s + 100. Let p = -16 + f. Suppose 108 = -0*i + p*i. Calculate the greatest common factor of i and 4.
4
Suppose -4*k + 331 = -5*d, d + 156 = -5*k + 577. What is the highest common divisor of k and 147?
21
Let m = 8957 + -8940. Suppose 5*p + 72 = 3*i + 6, 3*p = 3*i - 60. What is the greatest common divisor of m and i?
17
Let w(h) = h**2 + 33*h + 12. Let b be w(-38). Calculate the highest common divisor of 707 and b.
101
Let a = 31 - 26. Suppose -z - 38 - 13 = a*r, 0 = 2*r + 10. Let s = z - -43. Calculate the greatest common divisor of s and 51.
17
Suppose -2 + 74 = 3*j. Let d = 12 - 13. Let z be 1/(d/(j/(-4))). What is the greatest common factor of z and 54?
6
Suppose 0 = 2*p - 4*y - 40, -15*y - 42 = -3*p - 18*y. Calculate the greatest common divisor of p and 2224.
16
Let h(x) = -x**2 + 17*x**3 + 5*x - 3*x + 0*x. Let o be h(1). What is the greatest common factor of 36 and o?
18
Let r = -3 + 6. Suppose r*k + 0*k = -36. Let g = 25 + k. Calculate the highest common factor of g and 39.
13
Let x(s) = -s**3 - 6*s**2 + 18*s + 35. Let b be x(-8). Suppose -392 = -5*g + 3*a, -a - 32 + 104 = g. Calculate the greatest common divisor of b and g.
19
Let f(g) = 26*g**2 - 2*g + 1. Let i be f(-4). What is the highest common factor of i and 17?
17
Let g(r) = r**3 + 6*r**2 + 2*r + 4. Suppose 0 = 3*l - 4*b + 5*b + 5, 5*l = 2*b - 23. Let k be g(l). Calculate the highest common divisor of 5 and k.
5
Let k(m) = -237*m - 13. Let f(x) = -118*x - 6. Let h(a) = 7*f(a) - 3*k(a). Let c be h(-1). What is the greatest common divisor of c and 8?
8
Let w = -749 - -752. What is the highest common factor of w and 57?
3
Let z(b) = 3*b**2 - 4 + 2*b - 5*b**2 + 2*b**3 + 4*b**2. Let l = -7 - -9. Let s be z(l). What is the highest common factor of 12 and s?
12
Let o(n) = -n**2 + 6*n + 10. Let h be o(7). Suppose f = -h*f + 80. Let w = 28 - f. Calculate the greatest common factor of 8 and w.
8
Let c = 75 - 40. Calculate the greatest common divisor of c and 595.
35
Let i = -11 + 9. Let h be 2/(-1*i/4). Suppose 0 = h*s - 20 - 60. What is the greatest common divisor of s and 20?
20
Let n be ((-1221)/74)/((-2)/4). What is the highest common factor of n and 2?
1
Suppose -6 = -3*f - 0. Suppose -i = 3*i - f*o - 380, 4*o + 285 = 3*i. Calculate the highest common factor of i and 19.
19
Let h(r) = 10*r**3 - r**2 + 5*r - 30. Let d be h(3). What is the greatest common divisor of d and 6?
6
Suppose 62*w - 58*w - 128 = 0. Suppose 2 = -3*s + 14, -4*v + 4*s = 0. What is the greatest common divisor of v and w?
4
Let r = -42 + 34. Let a be 2 - (2 + 0) - r. What is the highest common divisor of a and 20?
4
Let z(p) = p**3 - 29*p**2 - 63*p + 35. Let k be z(31). Calculate the highest common divisor of k and 212.
4
Let l = 39 - 3. Let a be (1 + -16)/(2 + 50/(-24)). Calculate the highest common factor of l and a.
36
Suppose -4*p = 3*d - 226, -4*d - 11*p + 299 = -8*p. Calculate the highest common divisor of 37 and d.
37
Let c = -2 + 7. Suppose -m = -4*g - 15 + 51, c*m = -2*g + 40. Suppose -208 + 48 = -2*f. What is the greatest common factor of f and g?
10
Suppose 4*t = -0*a + 4*a + 28, 3*a + 6 = 0. Suppose -4*u + 28 = 4*c, -t*u + 2*u + c + 1 = 0. Calculate the highest common divisor of u and 8.
2
Let s = 1 + 1. Suppose 2*r + s*a = 196, -3*r = -a - 2*a - 318. Let m be ((-276)/36 - -9)*51. Calculate the greatest common factor of m and r.
34
Suppose 4*n = -0*n - 988. Let m = 463 + n. Let d(a) = -7*a - 8. Let p be d(-5). What is the greatest common factor of p and m?
27
Let j = 8 + 18. Suppose o + m = 230, 0 = -2*o - 21*m + 22*m + 472. Calculate the greatest common factor of j and o.
26
Suppose -i = -5*a - 13, 2*a = 5*a. Suppose 25 = -2*m + 117. Suppose -4*q + 2*x = q - 71, -4*q - 2*x + m = 0. Calculate the highest common factor of i and q.
13
Let a be (-4*1)/(-2) - -26. Suppose -2*j = 4*t - 550, -2*t = -t + j - 135. Calculate the highest common factor of a and t.
28
Let i = 7731 - 7381. Let j = 82 + -32. Calculate the highest common divisor of j and i.
50
Let l be (-2)/10 - (-144)/(-30). Let g(u) = 2*u**2 + 2*u. Let m be g(l). Let b be -5*(9 - 10) + 11. Calculate the highest common divisor of m and b.
8
Suppose z = 31 + 2. Let j be 1110/74 - (3 - 1/(-1)). Calculate the greatest common factor of z and j.
11
Let d = -46 - -52. Calculate the highest common divisor of 282 and d.
6
Let n = 11 - 20. Let s be 6 - (-3)/(n/6). Suppose -4*c = 4*j - 60, 0 = s*j - 3*j + 4*c. What is the highest common divisor of j and 100?
20
Suppose 8 = s - b, 0 = -b + 4 - 5. Let k = -45 + 122. What is the greatest common divisor of k and s?
7
Let y(u) = u**2 + 4*u + 5. Let r be y(-2). Suppose j + r - 8 = 0. Calculate the greatest common factor of j and 7.
7
Let z = -3256 - -3268. Let y = -18 - -30. What is the highest common factor of y and z?
12
Suppose -y - 6*n = -2*n - 101, 3*y + n = 314. Let z = y - 87. Calculate the greatest common factor of 144 and z.
18
Let v be 10/6 - (-2)/6. Suppose 5*b + 23 = v*l, 0 = -0*l + 3*l - b - 54. What is the highest common divisor of l and 171?
19
Let d be 3 + -1 + (1 - -4). Let x = d + -5. Suppose -2*k - x*k + 36 = 0. What is the greatest common divisor of 6 and k?
3
Let s be -106*33/44*(-4)/6. Suppose 24 = -4*i + 236. What is the greatest common divisor of i and s?
53
Let h = 581 - 302. Calculate the greatest common divisor of 124 and h.
31
Let q = -375 - -384. Calculate the greatest common divisor of q and 531.
9
Let p = 14 + -20. Let i(q) = -q**3 - 3*q**2 - 2*q + 1. Let m be i(p). Let s = 265 - m. Calculate the highest common factor of s and 16.
16
Let d = 203 + -191. Calculate the greatest common factor of d and 324.
12
Suppose -5*v = -b - 44, 2*b = -v - 3*b - 12. Calculate the greatest common divisor of v and 32.
8
Let i = 31 - 16. Let a be ((-102)/i)/(10/(-25)). Suppose -112 = -a*v + 15*v. What is the highest common divisor of 14 and v?
14
Suppose 4*z - 14 = 3*z. Let y be -1*4/((-8)/42). Calculate the highest common divisor of y and z.
7
Let i(s) = -3*s**3 - 3*s**2 + 31*s + 48. Let b be i(-7). What is the highest common divisor of b and 31?
31
Suppose 4*w = -2*v + 164, -144 = -5*v - 5*w + 251. What is the greatest c